7 + -2. Calculate the greatest common divisor of w and k.
15
Suppose 35*g - 4641 = 18879. Calculate the highest common factor of g and 63.
21
Suppose 0 = 4*q - 35 - 13. Let a be 166/7 - ((-30)/(-42) + -1). Calculate the highest common factor of a and q.
12
Let c be (11 + 1)*650/150. What is the greatest common factor of 12 and c?
4
Let j(w) be the second derivative of -3*w**5/4 - w**4/12 + w**3/3 - 5*w. Let m be j(2). Let x = -76 - m. Calculate the greatest common factor of 4 and x.
4
Suppose -106*s + 60 = -96*s. What is the highest common divisor of 21 and s?
3
Let u = -92 - -88. Let x be (-680)/(-18) - u/18. What is the greatest common factor of 228 and x?
38
Let n = 22 - 7. Let o(t) = 2*t**3 - 27*t**2 - 12*t - 13. Let f be o(14). What is the highest common factor of n and f?
15
Let i be -2 - 4/((-12)/51). What is the greatest common divisor of i and 105?
15
Let z = 4 + -6. Let o = z + 6. Suppose -42 = 2*q - 4*q - 2*h, 2*h = o*q - 90. Calculate the highest common divisor of q and 220.
22
Suppose -5*r + 19 - 159 = -5*j, -4*j + 92 = r. Let c(s) = s**2 - 4*s - 3. Let t be c(-3). Calculate the greatest common divisor of t and j.
6
Let j = -971 - -1481. What is the greatest common factor of 119 and j?
17
Let a(z) = 6*z - 2. Let h be a(4). Suppose 3*x + 11*p = 7*p + 540, 3*x - 543 = -5*p. What is the highest common factor of x and h?
22
Let q(p) = p**2 - 16*p - 41. Let y be q(23). Calculate the greatest common divisor of 48 and y.
24
Let y = -123 - -126. Suppose -y*c + 261 = 69. Calculate the greatest common factor of 4 and c.
4
Suppose -4*x = -6*x - 3*a - 2, 3*x - 5*a - 16 = 0. What is the highest common factor of 71 and x?
1
Suppose 0 = 6*u - 3*u. Suppose 5*m - k = 355, m + u*k - 50 = -4*k. Suppose 0 = -6*j + j + m. Calculate the greatest common divisor of j and 21.
7
Suppose -90 = -9*y + 72. Calculate the highest common factor of 45 and y.
9
Suppose 3*g + 68 = 8*g + t, -2*t = 5*g - 66. Let w = 299 + -187. What is the greatest common divisor of g and w?
14
Let r(p) = -p**3 + 16*p**2 - 12*p - 9. Let f be r(15). Calculate the greatest common divisor of f and 36.
36
Let k = 4 + -1. Let z be (-14)/91 + 353/13. Suppose 2*u + u = z. Calculate the greatest common factor of u and k.
3
Let v(c) = c**3 - 25*c**2 - 54*c + 54. Let d be v(27). Let i be (189/(-14))/((-1)/6). What is the greatest common divisor of d and i?
27
Let l(i) = 2*i**2 + 13*i + 108. Let s be l(-18). Calculate the greatest common divisor of s and 72.
18
Let c be -7*(-2 - -14 - 4). Let j = -23 - c. Suppose 5*s - j = -4*l, 3*l - 4*l - 3*s = -10. Calculate the greatest common divisor of l and 7.
7
Let n be 5/(-5)*(0 + -60). Suppose 7*c = 2*c + n. What is the highest common divisor of c and 60?
12
Let u(l) = l**3 - 32*l**2 + 5*l - 96. Let r be u(32). What is the highest common divisor of r and 416?
32
Let m = 2184 + -1096. Calculate the greatest common factor of 68 and m.
68
Let u be (-96)/(-10) + 10/25. Suppose 2*g - u = -0. Suppose -4*k + 102 + 78 = 0. What is the highest common factor of k and g?
5
Let x = -169 - -247. Suppose l + 51 = 2*t + 4*l, 3*t + 4*l = x. Calculate the greatest common divisor of t and 75.
15
Let m = 762 + -740. What is the greatest common factor of m and 88?
22
Let v be ((-5)/3)/((-1)/12). Suppose 0 = -12*p + 6*p + 1320. Calculate the greatest common divisor of v and p.
20
Let z(b) = 53*b - 84. Let a be z(8). Calculate the highest common divisor of a and 272.
68
Let v = 156 + -147. What is the highest common factor of v and 15?
3
Suppose 2*t = -0*t + 3*v - 5, 3*v - 15 = 0. Let r(k) = 4 + 3 + 2 + t*k + 1. Let q be r(9). Calculate the greatest common factor of 11 and q.
11
Let r(t) = -t**2 + 22*t + 7. Let s be r(7). Calculate the greatest common factor of 7 and s.
7
Suppose 2*v + 7 = 7. Suppose v = -17*x + 23*x - 60. Calculate the greatest common divisor of x and 70.
10
Let q(n) be the first derivative of -n**4/4 - 8*n**3/3 - 7*n**2 - 7*n + 27. Let c be q(-6). Calculate the greatest common factor of 65 and c.
5
Suppose 4*c - 3*w + 8*w - 60 = 0, -2*w + 15 = c. Suppose 3*j - c - 3 = 0. Let s be (10/3)/(4/18). Calculate the highest common factor of j and s.
3
Suppose 17 = -3*t - t + 5*y, -5*t - 3*y - 12 = 0. Let j be -60*t/((-18)/(-8)). Calculate the greatest common factor of 10 and j.
10
Let j be 2/5*(-5 + 1 - -39). Calculate the highest common divisor of 28 and j.
14
Let l be (-1)/(-2) - 464/32. Let g = 17 + l. Calculate the highest common factor of g and 12.
3
Suppose 8*p + 1171 = 1939. Let a = 21 - -15. Calculate the highest common factor of a and p.
12
Let z = 18 - 3. Suppose 0 = -3*j - z + 21. Calculate the greatest common factor of 1 and j.
1
Let d = 12 - 16. Let s be (d - -6) + (1 - -2). Suppose -q + 59 = v, v - s*q + 39 = 2*v. What is the highest common divisor of v and 8?
8
Let x = 12 - 8. Suppose x*d - 9 - 31 = 0. Calculate the greatest common factor of 50 and d.
10
Suppose -3*g - 202 = -5*g + 5*l, 4*l + 289 = 3*g. Suppose 0*a + 3*a = -27. Let z = a - -22. What is the highest common divisor of z and g?
13
Let p = -16 + 30. Let k be ((-2)/(-3))/(p/21). Calculate the greatest common divisor of k and 3.
1
Let b = -9 + 13. Suppose 4*l + y + 3 = 0, 0*l = b*l - y + 13. Let g be ((-62)/1)/l - 3. What is the highest common divisor of 14 and g?
14
Suppose -16*m - 58 = -490. Calculate the greatest common factor of 144 and m.
9
Suppose -3*n = -2*a - 2*n - 8, -2*a + 3*n - 8 = 0. Let x(r) = -2*r. Let p be x(a). What is the highest common factor of p and 2?
2
Suppose f = 5*v - 1120, -4*v + 10*f - 11*f = -905. What is the greatest common factor of 90 and v?
45
Suppose -3*u + 64 = 28. Calculate the highest common factor of 21 and u.
3
Let y(c) = -c**2 + 27*c - 54. Suppose -78 = -3*v - 6. Let n be y(v). Calculate the highest common factor of 3 and n.
3
Let t(p) = -3*p + 5*p + 0*p + 6*p**2 + 0*p + 3. Let r be t(-3). Suppose m = u + 2*m - 13, -20 = 5*m. Calculate the highest common factor of u and r.
17
Let f = 11 + -40. Let p = 45 + f. Suppose -2*t = -0*t - 48. What is the greatest common divisor of t and p?
8
Let i be (1/3*-5)/(130/(-468)). Suppose 5*r + 4*b = 1030, 4*b = -2*r + i*r - 860. Calculate the highest common factor of 84 and r.
42
Let c be -1 - -4 - 14/4*2. Let x be (9/c)/((-446)/(-112) - 4). What is the highest common factor of 14 and x?
14
Suppose 2*m + 78 = b - 131, 4*m = -2*b + 386. Suppose -3*g + b = 66. Let d be 2 + g/(0 - -5). Calculate the highest common factor of d and 11.
11
Suppose -w + 4*w - 4*j + 5 = 0, -2*w + 2*j - 2 = 0. Let i(s) = -7*s + 43. Let v be i(6). Calculate the highest common factor of w and v.
1
Suppose 24*v - 27*v = 0. Suppose 4*y + 11 - 83 = -3*r, 3*y = v. What is the greatest common divisor of 24 and r?
24
Let q be -5 + (-6)/2*(-2 - -1). Let m be q + (-2852)/(-44) + 6/33. What is the highest common divisor of 42 and m?
21
Suppose 6*l - 7*l + 3*q = -11, 87 = 5*l + q. What is the highest common factor of 1003 and l?
17
Let l be (-11 - -1)/(8/600*-6). What is the highest common divisor of l and 50?
25
Let g be -3*2 - 1/(-1). Let m be 96/10 + (-2)/g. Let o be (12 - (8 - 0)) + -1 + 34 + 3. Calculate the greatest common factor of m and o.
10
Let j = 211 + -132. What is the greatest common divisor of 79 and j?
79
Let x be (9/4)/(-1)*-92. Suppose 5*i + 14 = -0*z - 2*z, 0 = 4*i - 3*z + 25. Let n be (-2)/((2/115)/(i/20)). What is the highest common factor of n and x?
23
Suppose 0 = 4*d - 7*d - 5*v + 1896, 0 = -3*d + 3*v + 1872. What is the highest common divisor of 33 and d?
33
Let h(y) = 2*y**3 - 11*y**2 - 6*y - 1. Let f be h(6). Let u be 3/(-9) - 23/3. Let q be (-70)/u + f/(-4). Calculate the greatest common divisor of 81 and q.
9
Let f(t) be the first derivative of t**4/4 + 5*t**3/3 - t**2 + 6. Let z be f(-5). Calculate the highest common divisor of 15 and z.
5
Let p = -260 - -271. Let t = -3 + 3. Let q(a) = -a**2 + a + 99. Let i be q(t). Calculate the highest common factor of i and p.
11
Let v(k) = -k**2 + 16. Let f = 2 + -15. Let c = -13 - f. Let s be v(c). What is the highest common divisor of 2 and s?
2
Let g = -151 + 157. Let z = g + 14. Calculate the highest common divisor of 20 and z.
20
Let u(f) = f**3 - 6*f**2 + 7*f - 5. Let m be u(5). Let s be ((-5)/(-10))/(1/116). Let l = s - 13. Calculate the greatest common divisor of l and m.